{"id":201,"date":"2021-06-26T16:48:15","date_gmt":"2021-06-26T14:48:15","guid":{"rendered":"https:\/\/vitadesign.dev-mk.com\/innen-architektur\/?p=201"},"modified":"2021-11-17T09:11:37","modified_gmt":"2021-11-17T08:11:37","slug":"wirtschaftsberatung-wallner","status":"publish","type":"project","link":"https:\/\/www.vitadesign.at\/innen-architektur\/project\/wirtschaftsberatung-wallner\/","title":{"rendered":"Wirtschaftsberatung Wallner"},"content":{"rendered":"<p>[et_pb_section fb_built=&#8220;1&#8243; fullwidth=&#8220;on&#8220; admin_label=&#8220;Header&#8220; _builder_version=&#8220;4.9.9&#8243; custom_margin=&#8220;-137px||||false|false&#8220; custom_padding=&#8220;0px|0|0px|0px|false|false&#8220; top_divider_color=&#8220;rgba(255,255,255,0.3)&#8220; top_divider_height=&#8220;100%&#8220; top_divider_repeat=&#8220;1.5x&#8220; bottom_divider_color=&#8220;rgba(255,255,255,0.33)&#8220; bottom_divider_height=&#8220;500px&#8220; locked=&#8220;off&#8220; global_colors_info=&#8220;{}&#8220;][et_pb_fullwidth_code _builder_version=&#8220;4.9.7&#8243; _module_preset=&#8220;default&#8220; text_orientation=&#8220;center&#8220; global_colors_info=&#8220;{}&#8220;]<script type=\"text\/javascript\">jQuery(function() { _initLayerSlider( '#layerslider_4_hcn0pki1xhhk', {createdWith: '6.11.8', sliderVersion: '6.11.8', type: 'fullsize', skin: 'v6', hoverPrevNext: false, skinsPath: 'https:\/\/www.vitadesign.at\/innen-architektur\/wp-content\/plugins\/LayerSlider\/assets\/static\/layerslider\/skins\/', height: 720}); });<\/script><div id=\"layerslider_4_hcn0pki1xhhk\" class=\"ls-wp-container fitvidsignore\" style=\"width:1280px;height:100vh;margin:0 auto;margin-bottom: 0px;\"><div class=\"ls-slide\" data-ls=\"duration:4000;kenburnsscale:1.2;parallaxdurationmove:5000;\"><img loading=\"lazy\" decoding=\"async\" width=\"1200\" height=\"450\" src=\"https:\/\/www.vitadesign.at\/innen-architektur\/wp-content\/uploads\/sites\/2\/2021\/06\/Wallner_Wirtschaftsberatung_03.jpg\" class=\"ls-bg\" alt=\"\" srcset=\"https:\/\/www.vitadesign.at\/innen-architektur\/wp-content\/uploads\/sites\/2\/2021\/06\/Wallner_Wirtschaftsberatung_03.jpg 1200w, https:\/\/www.vitadesign.at\/innen-architektur\/wp-content\/uploads\/sites\/2\/2021\/06\/Wallner_Wirtschaftsberatung_03-980x368.jpg 980w, https:\/\/www.vitadesign.at\/innen-architektur\/wp-content\/uploads\/sites\/2\/2021\/06\/Wallner_Wirtschaftsberatung_03-480x180.jpg 480w\" sizes=\"(min-width: 0px) and (max-width: 480px) 480px, (min-width: 481px) and (max-width: 980px) 980px, (min-width: 981px) 1200px, 100vw\" \/><\/div><div class=\"ls-slide\" data-ls=\"duration:4000;kenburnsscale:1.2;\"><img loading=\"lazy\" decoding=\"async\" width=\"1200\" height=\"800\" src=\"https:\/\/www.vitadesign.at\/innen-architektur\/wp-content\/uploads\/sites\/2\/2021\/06\/Wallner_Wirtschaftsberatung_02.jpg\" class=\"ls-bg\" alt=\"\" srcset=\"https:\/\/www.vitadesign.at\/innen-architektur\/wp-content\/uploads\/sites\/2\/2021\/06\/Wallner_Wirtschaftsberatung_02.jpg 1200w, https:\/\/www.vitadesign.at\/innen-architektur\/wp-content\/uploads\/sites\/2\/2021\/06\/Wallner_Wirtschaftsberatung_02-980x653.jpg 980w, https:\/\/www.vitadesign.at\/innen-architektur\/wp-content\/uploads\/sites\/2\/2021\/06\/Wallner_Wirtschaftsberatung_02-480x320.jpg 480w\" sizes=\"(min-width: 0px) and (max-width: 480px) 480px, (min-width: 481px) and (max-width: 980px) 980px, (min-width: 981px) 1200px, 100vw\" \/><\/div><\/div>[\/et_pb_fullwidth_code][\/et_pb_section][et_pb_section fb_built=&#8220;1&#8243; admin_label=&#8220;How it works&#8220; _builder_version=&#8220;4.9.7&#8243; custom_padding=&#8220;18px|0px|18px|0px|true|false&#8220; locked=&#8220;off&#8220; global_colors_info=&#8220;{}&#8220;][et_pb_row _builder_version=&#8220;3.25&#8243; global_colors_info=&#8220;{}&#8220;][et_pb_column type=&#8220;4_4&#8243; _builder_version=&#8220;3.25&#8243; custom_padding=&#8220;|||&#8220; global_colors_info=&#8220;{}&#8220; custom_padding__hover=&#8220;|||&#8220;][et_pb_text _builder_version=&#8220;4.13.1&#8243; text_font=&#8220;||||||||&#8220; header_4_font=&#8220;|700|||||||&#8220; header_4_text_align=&#8220;center&#8220; header_4_text_color=&#8220;#1B6400&#8243; header_4_font_size=&#8220;24px&#8220; header_4_letter_spacing=&#8220;5px&#8220; header_4_line_height=&#8220;1.8em&#8220; header_5_font=&#8220;|700||on|||||&#8220; header_5_letter_spacing=&#8220;5px&#8220; hover_enabled=&#8220;0&#8243; global_colors_info=&#8220;{}&#8220; sticky_enabled=&#8220;0&#8243;]<\/p>\n<h5>Wirtschaftsberatung Wallner<\/h5>\n<p>Wenn das bestehende B\u00fcro zu klein wird und die zufriedenen Kunden immer mehr werden, ist es Zeit f\u00fcr den n\u00e4chsten Schritt.<\/p>\n<p>Ein Zubau, der die Werte des Unternehmens ausstrahlt, indem sich Kunden und Mitarbeiter wohlf\u00fchlen, der modern und au\u00dfergw\u00f6hnlich ist und doch Raum l\u00e4sst f\u00fcr die Wurzeln wo alles begann.<\/p>\n<p>[\/et_pb_text][\/et_pb_column][\/et_pb_row][\/et_pb_section][et_pb_section fb_built=&#8220;1&#8243; admin_label=&#8220;How it works&#8220; module_id=&#8220;hotel&#8220; _builder_version=&#8220;4.9.7&#8243; use_background_color_gradient=&#8220;on&#8220; background_color_gradient_start=&#8220;rgba(242,227,222,0.58)&#8220; background_color_gradient_end=&#8220;#ffffff&#8220; custom_padding=&#8220;100px|0px|100px|0px|true|false&#8220; locked=&#8220;off&#8220; global_colors_info=&#8220;{}&#8220;][et_pb_row _builder_version=&#8220;3.25&#8243; global_colors_info=&#8220;{}&#8220;][et_pb_column type=&#8220;4_4&#8243; _builder_version=&#8220;3.25&#8243; custom_padding=&#8220;|||&#8220; global_colors_info=&#8220;{}&#8220; custom_padding__hover=&#8220;|||&#8220;][et_pb_text _builder_version=&#8220;4.9.7&#8243; text_font=&#8220;||||||||&#8220; header_4_font=&#8220;|700|||||||&#8220; header_4_text_align=&#8220;center&#8220; header_4_text_color=&#8220;#1B6400&#8243; header_4_font_size=&#8220;24px&#8220; header_4_letter_spacing=&#8220;5px&#8220; header_4_line_height=&#8220;1.8em&#8220; header_5_font=&#8220;|700||on|||||&#8220; header_5_letter_spacing=&#8220;5px&#8220; global_colors_info=&#8220;{}&#8220;]<\/p>\n<h5>Galerie<\/h5>\n<h3><\/h3>\n<p>[\/et_pb_text][et_pb_gallery gallery_ids=&#8220;183,182,181&#8243; posts_number=&#8220;8&#8243; orientation=&#8220;portrait&#8220; show_title_and_caption=&#8220;off&#8220; _builder_version=&#8220;4.9.7&#8243; _module_preset=&#8220;default&#8220; global_colors_info=&#8220;{}&#8220;][\/et_pb_gallery][\/et_pb_column][\/et_pb_row][et_pb_row _builder_version=&#8220;4.9.7&#8243; _module_preset=&#8220;default&#8220; global_colors_info=&#8220;{}&#8220;][et_pb_column type=&#8220;4_4&#8243; _builder_version=&#8220;4.9.7&#8243; _module_preset=&#8220;default&#8220; global_colors_info=&#8220;{}&#8220;][et_pb_post_nav _builder_version=&#8220;4.9.7&#8243; _module_preset=&#8220;default&#8220; title_font=&#8220;|600|||||||&#8220; title_font_size=&#8220;16px&#8220; global_colors_info=&#8220;{}&#8220;][\/et_pb_post_nav][\/et_pb_column][\/et_pb_row][\/et_pb_section]<\/p>\n","protected":false},"excerpt":{"rendered":"<p><script type=\"text\/javascript\">jQuery(function() { _initLayerSlider( '#layerslider_4_qow9jc9e9auk', {createdWith: '6.11.8', sliderVersion: '6.11.8', type: 'fullsize', skin: 'v6', hoverPrevNext: false, skinsPath: 'https:\/\/www.vitadesign.at\/innen-architektur\/wp-content\/plugins\/LayerSlider\/assets\/static\/layerslider\/skins\/', height: 720}); });<\/script><div id=\"layerslider_4_qow9jc9e9auk\" class=\"ls-wp-container fitvidsignore\" style=\"width:1280px;height:100vh;margin:0 auto;margin-bottom: 0px;\"><div class=\"ls-slide\" data-ls=\"duration:4000;kenburnsscale:1.2;parallaxdurationmove:5000;\"><img loading=\"lazy\" width=\"1200\" height=\"450\" src=\"https:\/\/www.vitadesign.at\/innen-architektur\/wp-content\/uploads\/sites\/2\/2021\/06\/Wallner_Wirtschaftsberatung_03.jpg\" class=\"ls-bg\" alt=\"\" decoding=\"async\" srcset=\"https:\/\/www.vitadesign.at\/innen-architektur\/wp-content\/uploads\/sites\/2\/2021\/06\/Wallner_Wirtschaftsberatung_03.jpg 1200w, https:\/\/www.vitadesign.at\/innen-architektur\/wp-content\/uploads\/sites\/2\/2021\/06\/Wallner_Wirtschaftsberatung_03-980x368.jpg 980w, https:\/\/www.vitadesign.at\/innen-architektur\/wp-content\/uploads\/sites\/2\/2021\/06\/Wallner_Wirtschaftsberatung_03-480x180.jpg 480w\" sizes=\"(min-width: 0px) and (max-width: 480px) 480px, (min-width: 481px) and (max-width: 980px) 980px, (min-width: 981px) 1200px, 100vw\" \/><\/div><div class=\"ls-slide\" data-ls=\"duration:4000;kenburnsscale:1.2;\"><img loading=\"lazy\" width=\"1200\" height=\"800\" src=\"https:\/\/www.vitadesign.at\/innen-architektur\/wp-content\/uploads\/sites\/2\/2021\/06\/Wallner_Wirtschaftsberatung_02.jpg\" class=\"ls-bg\" alt=\"\" decoding=\"async\" srcset=\"https:\/\/www.vitadesign.at\/innen-architektur\/wp-content\/uploads\/sites\/2\/2021\/06\/Wallner_Wirtschaftsberatung_02.jpg 1200w, https:\/\/www.vitadesign.at\/innen-architektur\/wp-content\/uploads\/sites\/2\/2021\/06\/Wallner_Wirtschaftsberatung_02-980x653.jpg 980w, https:\/\/www.vitadesign.at\/innen-architektur\/wp-content\/uploads\/sites\/2\/2021\/06\/Wallner_Wirtschaftsberatung_02-480x320.jpg 480w\" sizes=\"(min-width: 0px) and (max-width: 480px) 480px, (min-width: 481px) and (max-width: 980px) 980px, (min-width: 981px) 1200px, 100vw\" \/><\/div><\/div>Wirtschaftsberatung Wallner Wenn das bestehende B\u00fcro zu klein wird und die zufriedenen Kunden immer mehr werden, ist es Zeit f\u00fcr den n\u00e4chsten Schritt. Ein Zubau, der die Werte des Unternehmens ausstrahlt, indem sich Kunden und Mitarbeiter wohlf\u00fchlen, der modern und au\u00dfergw\u00f6hnlich ist und doch Raum l\u00e4sst f\u00fcr die Wurzeln wo alles begann.Galerie<\/p>\n","protected":false},"author":5,"featured_media":183,"comment_status":"closed","ping_status":"closed","template":"","meta":{"_et_pb_use_builder":"on","_et_pb_old_content":"","_et_gb_content_width":""},"project_category":[22,25],"project_tag":[],"_links":{"self":[{"href":"https:\/\/www.vitadesign.at\/innen-architektur\/wp-json\/wp\/v2\/project\/201"}],"collection":[{"href":"https:\/\/www.vitadesign.at\/innen-architektur\/wp-json\/wp\/v2\/project"}],"about":[{"href":"https:\/\/www.vitadesign.at\/innen-architektur\/wp-json\/wp\/v2\/types\/project"}],"author":[{"embeddable":true,"href":"https:\/\/www.vitadesign.at\/innen-architektur\/wp-json\/wp\/v2\/users\/5"}],"replies":[{"embeddable":true,"href":"https:\/\/www.vitadesign.at\/innen-architektur\/wp-json\/wp\/v2\/comments?post=201"}],"version-history":[{"count":9,"href":"https:\/\/www.vitadesign.at\/innen-architektur\/wp-json\/wp\/v2\/project\/201\/revisions"}],"predecessor-version":[{"id":25458,"href":"https:\/\/www.vitadesign.at\/innen-architektur\/wp-json\/wp\/v2\/project\/201\/revisions\/25458"}],"wp:featuredmedia":[{"embeddable":true,"href":"https:\/\/www.vitadesign.at\/innen-architektur\/wp-json\/wp\/v2\/media\/183"}],"wp:attachment":[{"href":"https:\/\/www.vitadesign.at\/innen-architektur\/wp-json\/wp\/v2\/media?parent=201"}],"wp:term":[{"taxonomy":"project_category","embeddable":true,"href":"https:\/\/www.vitadesign.at\/innen-architektur\/wp-json\/wp\/v2\/project_category?post=201"},{"taxonomy":"project_tag","embeddable":true,"href":"https:\/\/www.vitadesign.at\/innen-architektur\/wp-json\/wp\/v2\/project_tag?post=201"}],"curies":[{"name":"wp","href":"https:\/\/api.w.org\/{rel}","templated":true}]}}

<p>[et_pb_section fb_built=&#8220;1&#8243; fullwidth=&#8220;on&#8220; admin_label=&#8220;Header&#8220; _builder_version=&#8220;4.9.9&#8243; custom_margin=&#8220;-137px||||false|false&#8220; custom_padding=&#8220;0px|0|0px|0px|false|false&#8220; top_divider_color=&#8220;rgba(255,255,255,0.3)&#8220; top_divider_height=&#8220;100%&#8220; top_divider_repeat=&#8220;1.5x&#8220; bottom_divider_color=&#8220;rgba(255,255,255,0.33)&#8220; bottom_divider_height=&#8220;500px&#8220; locked=&#8220;off&#8220; global_colors_info=&#8220;{}&#8220;][et_pb_fullwidth_code _builder_version=&#8220;4.9.7&#8243; _module_preset=&#8220;default&#8220; text_orientation=&#8220;center&#8220; global_colors_info=&#8220;{}&#8220;]<script type="text/javascript">jQuery(function() { _initLayerSlider( '#layerslider_4_hcn0pki1xhhk', {createdWith: '6.11.8', sliderVersion: '6.11.8', type: 'fullsize', skin: 'v6', hoverPrevNext: false, skinsPath: 'https://www.vitadesign.at/innen-architektur/wp-content/plugins/LayerSlider/assets/static/layerslider/skins/', height: 720}); });</script><div id="layerslider_4_hcn0pki1xhhk" class="ls-wp-container fitvidsignore" style="width:1280px;height:100vh;margin:0 auto;margin-bottom: 0px;"><div class="ls-slide" data-ls="duration:4000;kenburnsscale:1.2;parallaxdurationmove:5000;"><img loading="lazy" decoding="async" width="1200" height="450" src="https://www.vitadesign.at/innen-architektur/wp-content/uploads/sites/2/2021/06/Wallner_Wirtschaftsberatung_03.jpg" class="ls-bg" alt="" srcset="https://www.vitadesign.at/innen-architektur/wp-content/uploads/sites/2/2021/06/Wallner_Wirtschaftsberatung_03.jpg 1200w, https://www.vitadesign.at/innen-architektur/wp-content/uploads/sites/2/2021/06/Wallner_Wirtschaftsberatung_03-980x368.jpg 980w, https://www.vitadesign.at/innen-architektur/wp-content/uploads/sites/2/2021/06/Wallner_Wirtschaftsberatung_03-480x180.jpg 480w" sizes="(min-width: 0px) and (max-width: 480px) 480px, (min-width: 481px) and (max-width: 980px) 980px, (min-width: 981px) 1200px, 100vw" /></div><div class="ls-slide" data-ls="duration:4000;kenburnsscale:1.2;"><img loading="lazy" decoding="async" width="1200" height="800" src="https://www.vitadesign.at/innen-architektur/wp-content/uploads/sites/2/2021/06/Wallner_Wirtschaftsberatung_02.jpg" class="ls-bg" alt="" srcset="https://www.vitadesign.at/innen-architektur/wp-content/uploads/sites/2/2021/06/Wallner_Wirtschaftsberatung_02.jpg 1200w, https://www.vitadesign.at/innen-architektur/wp-content/uploads/sites/2/2021/06/Wallner_Wirtschaftsberatung_02-980x653.jpg 980w, https://www.vitadesign.at/innen-architektur/wp-content/uploads/sites/2/2021/06/Wallner_Wirtschaftsberatung_02-480x320.jpg 480w" sizes="(min-width: 0px) and (max-width: 480px) 480px, (min-width: 481px) and (max-width: 980px) 980px, (min-width: 981px) 1200px, 100vw" /></div></div>[/et_pb_fullwidth_code][/et_pb_section][et_pb_section fb_built=&#8220;1&#8243; admin_label=&#8220;How it works&#8220; _builder_version=&#8220;4.9.7&#8243; custom_padding=&#8220;18px|0px|18px|0px|true|false&#8220; locked=&#8220;off&#8220; global_colors_info=&#8220;{}&#8220;][et_pb_row _builder_version=&#8220;3.25&#8243; global_colors_info=&#8220;{}&#8220;][et_pb_column type=&#8220;4_4&#8243; _builder_version=&#8220;3.25&#8243; custom_padding=&#8220;|||&#8220; global_colors_info=&#8220;{}&#8220; custom_padding__hover=&#8220;|||&#8220;][et_pb_text _builder_version=&#8220;4.13.1&#8243; text_font=&#8220;||||||||&#8220; header_4_font=&#8220;|700|||||||&#8220; header_4_text_align=&#8220;center&#8220; header_4_text_color=&#8220;#1B6400&#8243; header_4_font_size=&#8220;24px&#8220; header_4_letter_spacing=&#8220;5px&#8220; header_4_line_height=&#8220;1.8em&#8220; header_5_font=&#8220;|700||on|||||&#8220; header_5_letter_spacing=&#8220;5px&#8220; hover_enabled=&#8220;0&#8243; global_colors_info=&#8220;{}&#8220; sticky_enabled=&#8220;0&#8243;]</p>
<h5>Wirtschaftsberatung Wallner</h5>
<p>Wenn das bestehende Büro zu klein wird und die zufriedenen Kunden immer mehr werden, ist es Zeit für den nächsten Schritt.</p>
<p>Ein Zubau, der die Werte des Unternehmens ausstrahlt, indem sich Kunden und Mitarbeiter wohlfühlen, der modern und außergwöhnlich ist und doch Raum lässt für die Wurzeln wo alles begann.</p>
<p>[/et_pb_text][/et_pb_column][/et_pb_row][/et_pb_section][et_pb_section fb_built=&#8220;1&#8243; admin_label=&#8220;How it works&#8220; module_id=&#8220;hotel&#8220; _builder_version=&#8220;4.9.7&#8243; use_background_color_gradient=&#8220;on&#8220; background_color_gradient_start=&#8220;rgba(242,227,222,0.58)&#8220; background_color_gradient_end=&#8220;#ffffff&#8220; custom_padding=&#8220;100px|0px|100px|0px|true|false&#8220; locked=&#8220;off&#8220; global_colors_info=&#8220;{}&#8220;][et_pb_row _builder_version=&#8220;3.25&#8243; global_colors_info=&#8220;{}&#8220;][et_pb_column type=&#8220;4_4&#8243; _builder_version=&#8220;3.25&#8243; custom_padding=&#8220;|||&#8220; global_colors_info=&#8220;{}&#8220; custom_padding__hover=&#8220;|||&#8220;][et_pb_text _builder_version=&#8220;4.9.7&#8243; text_font=&#8220;||||||||&#8220; header_4_font=&#8220;|700|||||||&#8220; header_4_text_align=&#8220;center&#8220; header_4_text_color=&#8220;#1B6400&#8243; header_4_font_size=&#8220;24px&#8220; header_4_letter_spacing=&#8220;5px&#8220; header_4_line_height=&#8220;1.8em&#8220; header_5_font=&#8220;|700||on|||||&#8220; header_5_letter_spacing=&#8220;5px&#8220; global_colors_info=&#8220;{}&#8220;]</p>
<h5>Galerie</h5>
<h3></h3>
<p>[/et_pb_text][et_pb_gallery gallery_ids=&#8220;183,182,181&#8243; posts_number=&#8220;8&#8243; orientation=&#8220;portrait&#8220; show_title_and_caption=&#8220;off&#8220; _builder_version=&#8220;4.9.7&#8243; _module_preset=&#8220;default&#8220; global_colors_info=&#8220;{}&#8220;][/et_pb_gallery][/et_pb_column][/et_pb_row][et_pb_row _builder_version=&#8220;4.9.7&#8243; _module_preset=&#8220;default&#8220; global_colors_info=&#8220;{}&#8220;][et_pb_column type=&#8220;4_4&#8243; _builder_version=&#8220;4.9.7&#8243; _module_preset=&#8220;default&#8220; global_colors_info=&#8220;{}&#8220;][et_pb_post_nav _builder_version=&#8220;4.9.7&#8243; _module_preset=&#8220;default&#8220; title_font=&#8220;|600|||||||&#8220; title_font_size=&#8220;16px&#8220; global_colors_info=&#8220;{}&#8220;][/et_pb_post_nav][/et_pb_column][/et_pb_row][/et_pb_section]</p>

<p><script type="text/javascript">jQuery(function() { _initLayerSlider( '#layerslider_4_qow9jc9e9auk', {createdWith: '6.11.8', sliderVersion: '6.11.8', type: 'fullsize', skin: 'v6', hoverPrevNext: false, skinsPath: 'https://www.vitadesign.at/innen-architektur/wp-content/plugins/LayerSlider/assets/static/layerslider/skins/', height: 720}); });</script><div id="layerslider_4_qow9jc9e9auk" class="ls-wp-container fitvidsignore" style="width:1280px;height:100vh;margin:0 auto;margin-bottom: 0px;"><div class="ls-slide" data-ls="duration:4000;kenburnsscale:1.2;parallaxdurationmove:5000;"><img loading="lazy" width="1200" height="450" src="https://www.vitadesign.at/innen-architektur/wp-content/uploads/sites/2/2021/06/Wallner_Wirtschaftsberatung_03.jpg" class="ls-bg" alt="" decoding="async" srcset="https://www.vitadesign.at/innen-architektur/wp-content/uploads/sites/2/2021/06/Wallner_Wirtschaftsberatung_03.jpg 1200w, https://www.vitadesign.at/innen-architektur/wp-content/uploads/sites/2/2021/06/Wallner_Wirtschaftsberatung_03-980x368.jpg 980w, https://www.vitadesign.at/innen-architektur/wp-content/uploads/sites/2/2021/06/Wallner_Wirtschaftsberatung_03-480x180.jpg 480w" sizes="(min-width: 0px) and (max-width: 480px) 480px, (min-width: 481px) and (max-width: 980px) 980px, (min-width: 981px) 1200px, 100vw" /></div><div class="ls-slide" data-ls="duration:4000;kenburnsscale:1.2;"><img loading="lazy" width="1200" height="800" src="https://www.vitadesign.at/innen-architektur/wp-content/uploads/sites/2/2021/06/Wallner_Wirtschaftsberatung_02.jpg" class="ls-bg" alt="" decoding="async" srcset="https://www.vitadesign.at/innen-architektur/wp-content/uploads/sites/2/2021/06/Wallner_Wirtschaftsberatung_02.jpg 1200w, https://www.vitadesign.at/innen-architektur/wp-content/uploads/sites/2/2021/06/Wallner_Wirtschaftsberatung_02-980x653.jpg 980w, https://www.vitadesign.at/innen-architektur/wp-content/uploads/sites/2/2021/06/Wallner_Wirtschaftsberatung_02-480x320.jpg 480w" sizes="(min-width: 0px) and (max-width: 480px) 480px, (min-width: 481px) and (max-width: 980px) 980px, (min-width: 981px) 1200px, 100vw" /></div></div>Wirtschaftsberatung Wallner Wenn das bestehende Büro zu klein wird und die zufriedenen Kunden immer mehr werden, ist es Zeit für den nächsten Schritt. Ein Zubau, der die Werte des Unternehmens ausstrahlt, indem sich Kunden und Mitarbeiter wohlfühlen, der modern und außergwöhnlich ist und doch Raum lässt für die Wurzeln wo alles begann.Galerie</p>
